{"id":93,"date":"2026-01-14T23:44:02","date_gmt":"2026-01-14T22:44:02","guid":{"rendered":"https:\/\/ordo-urbis.com\/?page_id=93"},"modified":"2026-01-16T07:45:43","modified_gmt":"2026-01-16T06:45:43","slug":"presentation","status":"publish","type":"page","link":"https:\/\/ordo-urbis.com\/index.php\/presentation\/","title":{"rendered":"Pr\u00e9sentation"},"content":{"rendered":"\t\t<div data-elementor-type=\"wp-page\" data-elementor-id=\"93\" class=\"elementor elementor-93\">\n\t\t\t\t<div class=\"elementor-element elementor-element-0c64c58 e-con-full e-flex e-con e-parent\" data-id=\"0c64c58\" data-element_type=\"container\">\n\t\t\t\t<div class=\"elementor-element elementor-element-9c5761d elementor-widget__width-inherit elementor-widget elementor-widget-image\" data-id=\"9c5761d\" data-element_type=\"widget\" data-widget_type=\"image.default\">\n\t\t\t\t\t\t\t\t\t\t\t\t<figure class=\"wp-caption\">\n\t\t\t\t\t\t\t\t\t\t<img fetchpriority=\"high\" decoding=\"async\" width=\"2560\" height=\"836\" src=\"https:\/\/ordo-urbis.com\/wp-content\/uploads\/2026\/01\/Grenade-scaled-e1768534394357.png\" class=\"attachment-full size-full wp-image-427\" alt=\"\" srcset=\"https:\/\/ordo-urbis.com\/wp-content\/uploads\/2026\/01\/Grenade-scaled-e1768534394357.png 2560w, https:\/\/ordo-urbis.com\/wp-content\/uploads\/2026\/01\/Grenade-scaled-e1768534394357-300x98.png 300w, https:\/\/ordo-urbis.com\/wp-content\/uploads\/2026\/01\/Grenade-scaled-e1768534394357-1024x334.png 1024w, https:\/\/ordo-urbis.com\/wp-content\/uploads\/2026\/01\/Grenade-scaled-e1768534394357-768x251.png 768w, https:\/\/ordo-urbis.com\/wp-content\/uploads\/2026\/01\/Grenade-scaled-e1768534394357-1536x502.png 1536w, https:\/\/ordo-urbis.com\/wp-content\/uploads\/2026\/01\/Grenade-scaled-e1768534394357-2048x669.png 2048w\" sizes=\"(max-width: 2560px) 100vw, 2560px\" \/>\t\t\t\t\t\t\t\t\t\t\t<figcaption class=\"widget-image-caption wp-caption-text\">Bastide m\u00e9di\u00e9vale de Grenade-sur-garonne (Haute-Garoonne) fond\u00e9e sur le principe orthogonal romain, et extensions r\u00e9centes d'habitat \u00e0 majorit\u00e9 individuelle dans le prolongement viaire existant. <\/figcaption>\n\t\t\t\t\t\t\t\t\t\t<\/figure>\n\t\t\t\t\t\t\t\t\t<\/div>\n\t\t\t\t<\/div>\n\t\t<div class=\"elementor-element elementor-element-c59ed9b e-flex e-con-boxed e-con e-parent\" data-id=\"c59ed9b\" data-element_type=\"container\">\n\t\t\t\t\t<div class=\"e-con-inner\">\n\t\t\t\t<div class=\"elementor-element elementor-element-28e5170 elementor-widget elementor-widget-heading\" data-id=\"28e5170\" data-element_type=\"widget\" data-widget_type=\"heading.default\">\n\t\t\t\t\t<h2 class=\"elementor-heading-title elementor-size-default\"><u>ORDO URBIS, les origines<\/u><\/h2>\t\t\t\t<\/div>\n\t\t\t\t\t<\/div>\n\t\t\t\t<\/div>\n\t\t<div class=\"elementor-element elementor-element-204432e e-flex e-con-boxed e-con e-parent\" data-id=\"204432e\" data-element_type=\"container\">\n\t\t\t\t\t<div class=\"e-con-inner\">\n\t\t<div class=\"elementor-element elementor-element-3b8e6d5 e-con-full e-flex e-con e-child\" data-id=\"3b8e6d5\" data-element_type=\"container\">\n\t\t\t\t<div class=\"elementor-element elementor-element-e336557 elementor-widget elementor-widget-heading\" data-id=\"e336557\" data-element_type=\"widget\" data-widget_type=\"heading.default\">\n\t\t\t\t\t<h2 class=\"elementor-heading-title elementor-size-default\">methode, Rigueur &amp; vision strat\u00e9gique TELLE EST NOTRE DEVISE<\/h2>\t\t\t\t<\/div>\n\t\t\t\t<div class=\"elementor-element elementor-element-c7db865 elementor-widget elementor-widget-text-editor\" data-id=\"c7db865\" data-element_type=\"widget\" data-widget_type=\"text-editor.default\">\n\t\t\t\t\t\t\t\t\t<p><strong data-start=\"0\" data-end=\"14\" data-is-only-node=\"\">ORDO URBIS<\/strong> est un nom qui puise directement dans la culture urbaine et juridique de la Rome antique. En latin, <b><em data-start=\"115\" data-end=\"121\">ordo<\/em> <\/b>signifie l\u2019ordre, la structure, l\u2019organisation raisonn\u00e9e, tandis que <i><b>u<span data-start=\"191\" data-end=\"197\">rbs<\/span> <\/b><\/i>d\u00e9signe la ville en tant qu\u2019espace construit, habit\u00e9 et pens\u00e9 collectivement. <em data-start=\"276\" data-end=\"288\">Ordo urbis<\/em> renvoie ainsi \u00e0 l\u2019id\u00e9e d\u2019un ordre urbain ma\u00eetris\u00e9, d\u2019une ville con\u00e7ue selon des r\u00e8gles claires, durables et coh\u00e9rentes, o\u00f9 le foncier, les usages et les formes b\u00e2ties s\u2019articulent intelligemment. Cette expression \u00e9voque autant les enjeux de planification que l\u2019anticipation, la mise en valeur du sol que la recherche d\u2019un \u00e9quilibre entre int\u00e9r\u00eat priv\u00e9 et projet collectif.\u00a0<\/p><p>En choisissant ce nom,\u00a0<strong data-start=\"685\" data-end=\"699\">ORDO URBIS<\/strong> affirme son positionnement : accompagner les op\u00e9rations de lotissement, la vente de terrains \u00e0 b\u00e2tir et les missions d\u2019\u00e9tudes et d\u2019AMO avec <b>m\u00e9thode<\/b>, <b>rigueur <\/b>et <b>vision strat\u00e9gique<\/b>, en redonnant au foncier et aux projets urbains une logique d\u2019ensemble, lisible et p\u00e9renne.<\/p><p><b>Jason CAZAURANG de BASTERRICA<\/b>, g\u00e9rant fondateur &amp;\u00a0<span style=\"font-style: inherit; font-weight: inherit;\">consultant foncier &#8211; urbaniste<\/span><\/p>\t\t\t\t\t\t\t\t<\/div>\n\t\t\t\t<\/div>\n\t\t<div class=\"elementor-element elementor-element-496eaea e-con-full e-flex e-con e-child\" data-id=\"496eaea\" data-element_type=\"container\">\n\t\t\t\t<div class=\"elementor-element elementor-element-2a12828 elementor-widget elementor-widget-image\" data-id=\"2a12828\" data-element_type=\"widget\" data-widget_type=\"image.default\">\n\t\t\t\t\t\t\t\t\t\t\t\t\t\t\t<img decoding=\"async\" width=\"480\" height=\"283\" src=\"https:\/\/ordo-urbis.com\/wp-content\/uploads\/2026\/01\/se_romaine_copier_.jpg\" class=\"attachment-large size-large wp-image-459\" alt=\"\" srcset=\"https:\/\/ordo-urbis.com\/wp-content\/uploads\/2026\/01\/se_romaine_copier_.jpg 480w, https:\/\/ordo-urbis.com\/wp-content\/uploads\/2026\/01\/se_romaine_copier_-300x177.jpg 300w\" sizes=\"(max-width: 480px) 100vw, 480px\" \/>\t\t\t\t\t\t\t\t\t\t\t\t\t\t\t<\/div>\n\t\t\t\t<\/div>\n\t\t\t\t\t<\/div>\n\t\t\t\t<\/div>\n\t\t<div class=\"elementor-element elementor-element-3414951 e-flex e-con-boxed e-con e-parent\" data-id=\"3414951\" data-element_type=\"container\">\n\t\t\t\t\t<div class=\"e-con-inner\">\n\t\t<div class=\"elementor-element elementor-element-d5f7d1a e-con-full e-flex e-con e-child\" data-id=\"d5f7d1a\" data-element_type=\"container\">\n\t\t\t\t<div class=\"elementor-element elementor-element-3d3865f elementor-widget elementor-widget-image\" data-id=\"3d3865f\" data-element_type=\"widget\" data-widget_type=\"image.default\">\n\t\t\t\t\t\t\t\t\t\t\t\t\t\t\t<img decoding=\"async\" width=\"300\" height=\"154\" src=\"https:\/\/ordo-urbis.com\/wp-content\/uploads\/2026\/01\/cropped-ORDO-URBIS_logo-e1768371118690-172x88.png\" class=\"attachment-medium size-medium wp-image-72\" alt=\"\" srcset=\"https:\/\/ordo-urbis.com\/wp-content\/uploads\/2026\/01\/cropped-ORDO-URBIS_logo-e1768371118690-300x154.png 300w, https:\/\/ordo-urbis.com\/wp-content\/uploads\/2026\/01\/cropped-ORDO-URBIS_logo-e1768371118690-172x88.png 172w, https:\/\/ordo-urbis.com\/wp-content\/uploads\/2026\/01\/cropped-ORDO-URBIS_logo-e1768371118690.png 512w\" sizes=\"(max-width: 300px) 100vw, 300px\" \/>\t\t\t\t\t\t\t\t\t\t\t\t\t\t\t<\/div>\n\t\t\t\t<\/div>\n\t\t<div class=\"elementor-element elementor-element-54ef256 e-con-full e-flex e-con e-child\" data-id=\"54ef256\" data-element_type=\"container\">\n\t\t\t\t<div class=\"elementor-element elementor-element-4daa1b8 elementor-widget elementor-widget-heading\" data-id=\"4daa1b8\" data-element_type=\"widget\" data-widget_type=\"heading.default\">\n\t\t\t\t\t<h2 class=\"elementor-heading-title elementor-size-default\">Une solide exp\u00e9rience dans le priv\u00e9 et le public<\/h2>\t\t\t\t<\/div>\n\t\t\t\t<div class=\"elementor-element elementor-element-fee6675 elementor-widget__width-initial elementor-widget elementor-widget-text-editor\" data-id=\"fee6675\" data-element_type=\"widget\" data-widget_type=\"text-editor.default\">\n\t\t\t\t\t\t\t\t\t<div class=\"pointer-events-none h-px w-px absolute bottom-0\" aria-hidden=\"true\" data-edge=\"true\">\u00a0<\/div><div class=\"flex flex-col text-sm pb-25\"><article class=\"text-token-text-primary w-full focus:outline-none [--shadow-height:45px] has-data-writing-block:pointer-events-none has-data-writing-block:-mt-(--shadow-height) has-data-writing-block:pt-(--shadow-height) [&amp;:has([data-writing-block])&gt;*]:pointer-events-auto scroll-mt-[calc(var(--header-height)+min(200px,max(70px,20svh)))]\" dir=\"auto\" tabindex=\"-1\" data-turn-id=\"3bf4dafb-6b03-4d63-aad4-d3115a426878\" data-testid=\"conversation-turn-4\" data-scroll-anchor=\"true\" data-turn=\"assistant\"><div class=\"text-base my-auto mx-auto pb-10 [--thread-content-margin:--spacing(4)] @w-sm\/main:[--thread-content-margin:--spacing(6)] @w-lg\/main:[--thread-content-margin:--spacing(16)] px-(--thread-content-margin)\"><div class=\"[--thread-content-max-width:40rem] @w-lg\/main:[--thread-content-max-width:48rem] mx-auto max-w-(--thread-content-max-width) flex-1 group\/turn-messages focus-visible:outline-hidden relative flex w-full min-w-0 flex-col agent-turn\" tabindex=\"-1\"><div class=\"flex max-w-full flex-col grow\"><div class=\"min-h-8 text-message relative flex w-full flex-col items-end gap-2 text-start break-words whitespace-normal [.text-message+&amp;]:mt-1\" dir=\"auto\" data-message-author-role=\"assistant\" data-message-id=\"ca1387f1-b33d-4ea9-94f8-713e19bb44bc\" data-message-model-slug=\"gpt-5-2\"><div class=\"flex w-full flex-col gap-1 empty:hidden first:pt-[1px]\"><div class=\"markdown prose dark:prose-invert w-full break-words light markdown-new-styling\"><p data-start=\"0\" data-end=\"697\" data-is-last-node=\"\" data-is-only-node=\"\">Urbaniste et consultant foncier bas\u00e9 \u00e0 Toulouse, dipl\u00f4m\u00e9 d&rsquo;un master en urbanisme et am\u00e9nagement du territoire en 2018 \u00e0 l&rsquo;universit\u00e9 Toulouse II Jean Jaur\u00e8s je dispose de plus de 8 ans d\u2019exp\u00e9rience au croisement de la planification urbaine, du d\u00e9veloppement foncier et du montage d\u2019op\u00e9rations. Apr\u00e8s avoir exerc\u00e9 en bureau d\u2019\u00e9tudes, chez des promoteurs et au sein des Arm\u00e9es, j\u2019ai fond\u00e9 <strong data-start=\"262\" data-end=\"276\">ORDO URBIS <\/strong>en 2024 pour mettre cette expertise au service des collectivit\u00e9s, des propri\u00e9taires et des porteurs de projets.<\/p><p data-start=\"0\" data-end=\"697\" data-is-last-node=\"\" data-is-only-node=\"\">J\u2019interviens sur l\u2019ensemble de la cha\u00eene fonci\u00e8re et op\u00e9rationnelle : \u00e9tudes de faisabilit\u00e9 et capacitaires, assistance \u00e0 ma\u00eetrise d\u2019ouvrage, strat\u00e9gie fonci\u00e8re, n\u00e9gociation et accompagnement de projets de lotissement et de terrains \u00e0 b\u00e2tir, avec une approche \u00e0 la fois rigoureuse et strat\u00e9gique.<\/p><\/div><\/div><\/div><\/div><\/div><\/div><\/article><\/div>\t\t\t\t\t\t\t\t<\/div>\n\t\t\t\t<\/div>\n\t\t<div class=\"elementor-element elementor-element-ee2e58d e-con-full e-flex e-con e-child\" data-id=\"ee2e58d\" data-element_type=\"container\">\n\t\t<div class=\"elementor-element elementor-element-c1a55f9 e-grid e-con-full e-con e-child\" data-id=\"c1a55f9\" data-element_type=\"container\">\n\t\t\t\t<div class=\"elementor-element elementor-element-b93ea33 elementor-widget elementor-widget-image\" data-id=\"b93ea33\" data-element_type=\"widget\" data-widget_type=\"image.default\">\n\t\t\t\t\t\t\t\t\t\t\t\t\t\t\t<img loading=\"lazy\" decoding=\"async\" width=\"97\" height=\"30\" src=\"https:\/\/ordo-urbis.com\/wp-content\/uploads\/2026\/01\/Urbadoc.png\" class=\"attachment-medium size-medium wp-image-482\" alt=\"\" \/>\t\t\t\t\t\t\t\t\t\t\t\t\t\t\t<\/div>\n\t\t\t\t<div class=\"elementor-element elementor-element-b7b9c16 elementor-widget elementor-widget-image\" data-id=\"b7b9c16\" data-element_type=\"widget\" data-widget_type=\"image.default\">\n\t\t\t\t\t\t\t\t\t\t\t\t\t\t\t<img loading=\"lazy\" decoding=\"async\" width=\"73\" height=\"67\" src=\"https:\/\/ordo-urbis.com\/wp-content\/uploads\/2026\/01\/Les-Parcs.jpg\" class=\"attachment-medium size-medium wp-image-479\" alt=\"\" \/>\t\t\t\t\t\t\t\t\t\t\t\t\t\t\t<\/div>\n\t\t\t\t<div class=\"elementor-element elementor-element-05d109a elementor-widget elementor-widget-image\" data-id=\"05d109a\" data-element_type=\"widget\" data-widget_type=\"image.default\">\n\t\t\t\t\t\t\t\t\t\t\t\t\t\t\t<img loading=\"lazy\" decoding=\"async\" width=\"117\" height=\"33\" src=\"https:\/\/ordo-urbis.com\/wp-content\/uploads\/2026\/01\/Edifico.png\" class=\"attachment-large size-large wp-image-478\" alt=\"\" \/>\t\t\t\t\t\t\t\t\t\t\t\t\t\t\t<\/div>\n\t\t\t\t<div class=\"elementor-element elementor-element-e4aec23 elementor-widget elementor-widget-image\" data-id=\"e4aec23\" data-element_type=\"widget\" data-widget_type=\"image.default\">\n\t\t\t\t\t\t\t\t\t\t\t\t\t\t\t<img loading=\"lazy\" decoding=\"async\" width=\"284\" height=\"132\" src=\"https:\/\/ordo-urbis.com\/wp-content\/uploads\/2026\/01\/SID.png\" class=\"attachment-medium size-medium wp-image-481\" alt=\"\" \/>\t\t\t\t\t\t\t\t\t\t\t\t\t\t\t<\/div>\n\t\t\t\t<div class=\"elementor-element elementor-element-5bfe44c elementor-widget elementor-widget-image\" data-id=\"5bfe44c\" data-element_type=\"widget\" data-widget_type=\"image.default\">\n\t\t\t\t\t\t\t\t\t\t\t\t\t\t\t<img loading=\"lazy\" decoding=\"async\" width=\"126\" height=\"159\" src=\"https:\/\/ordo-urbis.com\/wp-content\/uploads\/2026\/01\/AFC.jpg\" class=\"attachment-medium size-medium wp-image-477\" alt=\"\" \/>\t\t\t\t\t\t\t\t\t\t\t\t\t\t\t<\/div>\n\t\t\t\t<div class=\"elementor-element elementor-element-edc6fcd elementor-widget elementor-widget-image\" data-id=\"edc6fcd\" data-element_type=\"widget\" data-widget_type=\"image.default\">\n\t\t\t\t\t\t\t\t\t\t\t\t\t\t\t<img loading=\"lazy\" decoding=\"async\" width=\"275\" height=\"94\" src=\"https:\/\/ordo-urbis.com\/wp-content\/uploads\/2026\/01\/Planed.png\" class=\"attachment-medium size-medium wp-image-480\" alt=\"\" \/>\t\t\t\t\t\t\t\t\t\t\t\t\t\t\t<\/div>\n\t\t\t\t<div class=\"elementor-element elementor-element-8341c67 elementor-widget elementor-widget-text-editor\" data-id=\"8341c67\" data-element_type=\"widget\" data-widget_type=\"text-editor.default\">\n\t\t\t\t\t\t\t\t\t<p>\u20222017\u00a0<\/p><p>\u2022Stage<\/p><p>\u2022 Bureau d&rsquo;\u00e9tudes de planification urbaine<\/p><p>\u2022 Toulouse<\/p><p>\u2022 Elaboration de documents d&rsquo;urbanisme (PLU-i, SCoT)<\/p>\t\t\t\t\t\t\t\t<\/div>\n\t\t\t\t<div class=\"elementor-element elementor-element-92aec13 elementor-widget elementor-widget-text-editor\" data-id=\"92aec13\" data-element_type=\"widget\" data-widget_type=\"text-editor.default\">\n\t\t\t\t\t\t\t\t\t<p>\u20222018\u00a0<\/p><p>\u2022 Stage<\/p><p>\u2022 Am\u00e9nageur &#8211; lotisseur<\/p><p>\u2022 Toulouse<\/p><p>\u2022 Prospection fonci\u00e8re, \u00e9tudes capacitaires<\/p>\t\t\t\t\t\t\t\t<\/div>\n\t\t\t\t<div class=\"elementor-element elementor-element-f995264 elementor-widget elementor-widget-text-editor\" data-id=\"f995264\" data-element_type=\"widget\" data-widget_type=\"text-editor.default\">\n\t\t\t\t\t\t\t\t\t<p>\u20222018-2019<\/p><p>\u2022 CDI<\/p><p>\u2022 Promoteur immobilier<\/p><p>\u2022 Toulouse &amp; Bordeaux<\/p><p>\u2022 D\u00e9veloppement foncier, \u00e9tudes capacitaires<\/p>\t\t\t\t\t\t\t\t<\/div>\n\t\t\t\t<div class=\"elementor-element elementor-element-eb9cb3f elementor-widget elementor-widget-text-editor\" data-id=\"eb9cb3f\" data-element_type=\"widget\" data-widget_type=\"text-editor.default\">\n\t\t\t\t\t\t\t\t\t<p>\u20222019-2022\u00a0<\/p><p>\u2022 Officier sous contrat<\/p><p>\u2022 Forces arm\u00e9es<\/p><p>\u2022 Saint-Germain-en-Laye<\/p><p>\u2022 Planification urbaine et immobili\u00e8re, AMO<\/p>\t\t\t\t\t\t\t\t<\/div>\n\t\t\t\t<div class=\"elementor-element elementor-element-69ef35c elementor-widget elementor-widget-text-editor\" data-id=\"69ef35c\" data-element_type=\"widget\" data-widget_type=\"text-editor.default\">\n\t\t\t\t\t\t\t\t\t<p>\u20222022-2023<\/p><p>\u2022 CDI cadre<\/p><p>\u2022 Promoteur immobilier<\/p><p>\u2022 Toulouse<\/p><p>\u2022 D\u00e9veloppement foncier, \u00e9tudes capacitaires<\/p>\t\t\t\t\t\t\t\t<\/div>\n\t\t\t\t<div class=\"elementor-element elementor-element-817d982 elementor-widget elementor-widget-text-editor\" data-id=\"817d982\" data-element_type=\"widget\" data-widget_type=\"text-editor.default\">\n\t\t\t\t\t\t\t\t\t<p>\u20222023-2024<\/p><p>\u2022 CDI cadre<\/p><p>\u2022 Bureau d&rsquo;\u00e9tudes de planification urbaine<\/p><p>\u2022 Aix-en-Provence<\/p><p>\u2022 Elaboration de documents d&rsquo;urbanisme (PLU-i, SCoT)<\/p>\t\t\t\t\t\t\t\t<\/div>\n\t\t\t\t<\/div>\n\t\t\t\t<\/div>\n\t\t\t\t\t<\/div>\n\t\t\t\t<\/div>\n\t\t\t\t<\/div>\n\t\t","protected":false},"excerpt":{"rendered":"<p>Bastide m\u00e9di\u00e9vale de Grenade-sur-garonne (Haute-Garoonne) fond\u00e9e sur le principe orthogonal romain, et extensions r\u00e9centes d&rsquo;habitat \u00e0 majorit\u00e9 individuelle dans le [&hellip;]<\/p>\n","protected":false},"author":1,"featured_media":0,"parent":0,"menu_order":2,"comment_status":"closed","ping_status":"closed","template":"","meta":{"site-sidebar-layout":"no-sidebar","site-content-layout":"","ast-site-content-layout":"full-width-container","site-content-style":"default","site-sidebar-style":"default","ast-global-header-display":"","ast-banner-title-visibility":"","ast-main-header-display":"","ast-hfb-above-header-display":"","ast-hfb-below-header-display":"","ast-hfb-mobile-header-display":"","site-post-title":"disabled","ast-breadcrumbs-content":"","ast-featured-img":"disabled","footer-sml-layout":"","ast-disable-related-posts":"","theme-transparent-header-meta":"","adv-header-id-meta":"","stick-header-meta":"","header-above-stick-meta":"","header-main-stick-meta":"","header-below-stick-meta":"","astra-migrate-meta-layouts":"default","ast-page-background-enabled":"default","ast-page-background-meta":{"desktop":{"background-color":"var(--ast-global-color-5)","background-image":"","background-repeat":"repeat","background-position":"center center","background-size":"auto","background-attachment":"scroll","background-type":"","background-media":"","overlay-type":"","overlay-color":"","overlay-opacity":"","overlay-gradient":""},"tablet":{"background-color":"","background-image":"","background-repeat":"repeat","background-position":"center center","background-size":"auto","background-attachment":"scroll","background-type":"","background-media":"","overlay-type":"","overlay-color":"","overlay-opacity":"","overlay-gradient":""},"mobile":{"background-color":"","background-image":"","background-repeat":"repeat","background-position":"center center","background-size":"auto","background-attachment":"scroll","background-type":"","background-media":"","overlay-type":"","overlay-color":"","overlay-opacity":"","overlay-gradient":""}},"ast-content-background-meta":{"desktop":{"background-color":"var(--ast-global-color-4)","background-image":"","background-repeat":"repeat","background-position":"center center","background-size":"auto","background-attachment":"scroll","background-type":"","background-media":"","overlay-type":"","overlay-color":"","overlay-opacity":"","overlay-gradient":""},"tablet":{"background-color":"var(--ast-global-color-4)","background-image":"","background-repeat":"repeat","background-position":"center center","background-size":"auto","background-attachment":"scroll","background-type":"","background-media":"","overlay-type":"","overlay-color":"","overlay-opacity":"","overlay-gradient":""},"mobile":{"background-color":"var(--ast-global-color-4)","background-image":"","background-repeat":"repeat","background-position":"center center","background-size":"auto","background-attachment":"scroll","background-type":"","background-media":"","overlay-type":"","overlay-color":"","overlay-opacity":"","overlay-gradient":""}},"footnotes":""},"class_list":["post-93","page","type-page","status-publish","hentry"],"_links":{"self":[{"href":"https:\/\/ordo-urbis.com\/index.php\/wp-json\/wp\/v2\/pages\/93","targetHints":{"allow":["GET"]}}],"collection":[{"href":"https:\/\/ordo-urbis.com\/index.php\/wp-json\/wp\/v2\/pages"}],"about":[{"href":"https:\/\/ordo-urbis.com\/index.php\/wp-json\/wp\/v2\/types\/page"}],"author":[{"embeddable":true,"href":"https:\/\/ordo-urbis.com\/index.php\/wp-json\/wp\/v2\/users\/1"}],"replies":[{"embeddable":true,"href":"https:\/\/ordo-urbis.com\/index.php\/wp-json\/wp\/v2\/comments?post=93"}],"version-history":[{"count":135,"href":"https:\/\/ordo-urbis.com\/index.php\/wp-json\/wp\/v2\/pages\/93\/revisions"}],"predecessor-version":[{"id":521,"href":"https:\/\/ordo-urbis.com\/index.php\/wp-json\/wp\/v2\/pages\/93\/revisions\/521"}],"wp:attachment":[{"href":"https:\/\/ordo-urbis.com\/index.php\/wp-json\/wp\/v2\/media?parent=93"}],"curies":[{"name":"wp","href":"https:\/\/api.w.org\/{rel}","templated":true}]}}